{"id":7688,"date":"2024-05-09T13:34:06","date_gmt":"2024-05-09T11:34:06","guid":{"rendered":"https:\/\/www.set.ch\/shoah-les-descendant-e-s-racontent\/"},"modified":"2025-04-07T21:38:23","modified_gmt":"2025-04-07T19:38:23","slug":"shoah-les-descendant-e-s-racontent","status":"publish","type":"page","link":"https:\/\/www.set.ch\/it\/shoah-les-descendant-e-s-racontent\/","title":{"rendered":"Shoah. Les descendant-e-s racontent."},"content":{"rendered":"<p style=\"font-size: 18px;\">Nous avons d\u00e9velopp\u00e9 un \u00ab projet d\u2019histoire orale \u00bb avec le concours de descendant-e-s de survivant-e-s de l\u2019Holocauste et d\u2019enseignant-e-s de l\u2019histoire. Pour ce faire, nous cherchons des classes pilotes dans les cantons FR, VD, NE, GE. Les enseignants invitent les descendant-e-s pour deux le\u00e7ons et en automne 2025, un s\u00e9minaire de r\u00e9flexion sera mis en ligne entre les enseignant-e-s et les descendant-e-s.<\/p>\n<p style=\"font-size: 18px;\">Pendant l\u2019ann\u00e9e pilote, le projet b\u00e9n\u00e9ficiera du soutien du Service de Lutte contre le Racisme et de l\u2019accompagnement de Nathalie Masungi-Bauer, Professeur de didactique d\u2019histoire \u00e0 la Haute \u00e9cole p\u00e9dagogique de Lausanne. Nous avons analys\u00e9 avec elle la planification, la r\u00e9alisation, l\u2019impact et le processus d\u2019apprentissage chez les jeunes. Nous relayons le \u00ab Plus jamais \u00e7a \u00bb de la premi\u00e8re g\u00e9n\u00e9ration de survivant-e-s de la Shoah. Nous voulons apporter une contribution \u00e0 un enseignement de l\u2019histoire \u00e0 la fois vivant et orient\u00e9 vers les comp\u00e9tences par lequel nous visons \u00e0 maintenir vivante la m\u00e9moire de l\u2019Holocauste pour les g\u00e9n\u00e9rations futures.<\/p>\n<p style=\"font-size: 18px;\">Un dossier pour les enseignant-e-s explique comment les visites dans les classes par les narrateurs et narratrices peuvent \u00eatre int\u00e9gr\u00e9es judicieusement au cours d\u2019histoire. Le dossier p\u00e9dagogique pr\u00e9sente les relations du plan d\u2019\u00e9tudes avec les objectifs de comp\u00e9tences possibles, les instructions m\u00e9thodologiques pour la pr\u00e9paration, la r\u00e9alisation et l\u2019\u00e9valuation ult\u00e9rieure des visites. L&#8217;enseignement de l&#8217;histoire restant la t\u00e2che de l&#8217;enseignant.<\/p>\n<p style=\"font-size: 18px;\">Le but de la narration par voie de t\u00e9moin est de permettre aux auditeurs\/trices de se confronter d\u2019une fa\u00e7on plus impliqu\u00e9e aux injustices commises dans le pass\u00e9 tout en familiarisant les \u00e9l\u00e8ves aux droits humains. Cette forme d\u2019enseignement voudrait aussi pouvoir enseigner ce qu\u2019est le courage civil en donnant des exemples d\u2019individus et de groupes engag\u00e9s \u00e0 combattre la dictature nationale-socialiste en Allemagne et dans les pays occup\u00e9s.<br \/>\nElle a aussi pour but d\u2019analyser la politique suisse concernant les r\u00e9fugi\u00e9s pendant cette m\u00eame p\u00e9riode. La rencontre personnelle avec un-e descendant-e offre une proximit\u00e9 \u00e9motionnelle et directe avec l\u2019histoire de l\u2019Holocauste, ainsi qu\u2019avec l\u2019histoire familiale de cette personne, ce qui renforce la motivation d\u2019un apprentissage nuanc\u00e9 de l\u2019histoire de cette \u00e9poque, et par extension de l\u2019histoire contemporaine.<\/p>\n<div class=\"testimonils-slider-wrap\">\n<h3 class=\"testimonils-title\">Elie Wiesel<\/h3>\n<ul class=\"testimonils-slider js-testimonils-slider\">\n<li> Qui \u00e9coute un t\u00e9moin le devient \u00e0 son tour.<\/li>\n<\/ul>\n<\/div>\n<p style=\"font-size: 18px;\">En Suisse al\u00e9manique, 300 classes ont d\u00e9j\u00e0 pris part \u00e0 ce projet depuis 2020 et les \u00e9chos des \u00e9l\u00e8ves et des enseignants sont tr\u00e8s positifs. Le prix de la visite d&#8217;un descendant de t\u00e9moin co\u00fbte 75 CHF, deux le\u00e7ons sont inclues. Si ce programme vous int\u00e9resse, inscrivez-vous ici: https:\/\/www.set.ch\/fr\/shoah-les-descendant-e-s-racontent\/<\/p>\n<h2>Formulaire d&#8217;inscription<\/h2>\n<p style=\"font-size: 18px;\">Oui, je souhaite inviter un descendant dans ma classe.<\/p>\n\n<div class=\"wpcf7 no-js\" id=\"wpcf7-f7683-o1\" lang=\"en-US\" dir=\"ltr\" data-wpcf7-id=\"7683\">\n<div class=\"screen-reader-response\"><p role=\"status\" aria-live=\"polite\" aria-atomic=\"true\"><\/p> <ul><\/ul><\/div>\n<form action=\"\/it\/wp-json\/wp\/v2\/pages\/7688#wpcf7-f7683-o1\" method=\"post\" class=\"wpcf7-form init\" aria-label=\"Contact form\" novalidate=\"novalidate\" data-status=\"init\">\n<fieldset class=\"hidden-fields-container\"><input type=\"hidden\" name=\"_wpcf7\" value=\"7683\" \/><input type=\"hidden\" name=\"_wpcf7_version\" value=\"6.1.4\" \/><input type=\"hidden\" name=\"_wpcf7_locale\" value=\"en_US\" \/><input type=\"hidden\" name=\"_wpcf7_unit_tag\" value=\"wpcf7-f7683-o1\" \/><input type=\"hidden\" name=\"_wpcf7_container_post\" value=\"0\" \/><input type=\"hidden\" name=\"_wpcf7_posted_data_hash\" value=\"\" \/><input type=\"hidden\" name=\"_wpcf7_recaptcha_response\" value=\"\" \/>\n<\/fieldset>\n<div>\n\t<div class=\"mb-10\">\n\t\t<p>Date de la classe\n\t\t<\/p>\n\t<\/div>\n\t<div class=\"row mb-10\">\n\t\t<div class=\"col-md-4 pr-0\">\n\t\t\t<p><label class=\"mw-460\"><span class=\"wpcf7-form-control-wrap\" data-name=\"monat\"><input size=\"40\" maxlength=\"400\" class=\"wpcf7-form-control wpcf7-text\" aria-invalid=\"false\" placeholder=\"Mois\" value=\"\" type=\"text\" name=\"monat\" \/><\/span><\/label>\n\t\t\t<\/p>\n\t\t<\/div>\n\t\t<div class=\"col-md-4 pr-0\">\n\t\t\t<p><label class=\"mw-460\"><span class=\"wpcf7-form-control-wrap\" data-name=\"wochentag\"><input size=\"40\" maxlength=\"400\" class=\"wpcf7-form-control wpcf7-text\" aria-invalid=\"false\" placeholder=\"Jour\" value=\"\" type=\"text\" name=\"wochentag\" \/><\/span><\/label>\n\t\t\t<\/p>\n\t\t<\/div>\n\t\t<div class=\"col-md-4 pr-0\">\n\t\t\t<p><label class=\"mw-460\"><span class=\"wpcf7-form-control-wrap\" data-name=\"zeit\"><input size=\"40\" maxlength=\"400\" class=\"wpcf7-form-control wpcf7-text\" aria-invalid=\"false\" placeholder=\"Heure\" value=\"\" type=\"text\" name=\"zeit\" \/><\/span><\/label>\n\t\t\t<\/p>\n\t\t<\/div>\n\t<\/div>\n<\/div>\n<div class=\"mb-10\">\n\t<div class=\"mb-10\">\n\t\t<p>J'ai parl\u00e9 du national-socialisme et de l'Holocauste en cours.\n\t\t<\/p>\n\t<\/div>\n\t<div>\n\t\t<p><span class=\"wpcf7-form-control-wrap radio-868\"><span class=\"wpcf7-form-control wpcf7-radio\"><span class=\"wpcf7-list-item first\"><input type=\"radio\" name=\"radio-868\" value=\"Oui\" checked=\"checked\" class=\"form-control\" \/><span class=\"wpcf7-list-item-label\">Oui<\/span><\/span><span class=\"wpcf7-list-item last\"><input type=\"radio\" name=\"radio-868\" value=\"Non\" class=\"form-control\" \/><span class=\"wpcf7-list-item-label\">Non<\/span><\/span><\/span><\/span>\n\t\t<\/p>\n\t<\/div>\n<\/div>\n<div>\n\t<div class=\"row mb-10\">\n\t\t<div class=\"col-md-12 pr-0\">\n\t\t\t<p><label class=\"mw-460\"><span class=\"wpcf7-form-control-wrap\" data-name=\"schule\"><input size=\"40\" maxlength=\"400\" class=\"wpcf7-form-control wpcf7-text\" aria-invalid=\"false\" placeholder=\"\u00c9cole\" value=\"\" type=\"text\" name=\"schule\" \/><\/span><\/label>\n\t\t\t<\/p>\n\t\t<\/div>\n\t<\/div>\n\t<div class=\"row mb-10\">\n\t\t<div class=\"col-md-12 pr-0\">\n\t\t\t<p><label class=\"mw-460\"><span class=\"wpcf7-form-control-wrap\" data-name=\"schuladresse\"><input size=\"40\" maxlength=\"400\" class=\"wpcf7-form-control wpcf7-text\" aria-invalid=\"false\" placeholder=\"Adresse de l&#039;\u00e9cole\" value=\"\" type=\"text\" name=\"schuladresse\" \/><\/span><\/label>\n\t\t\t<\/p>\n\t\t<\/div>\n\t<\/div>\n\t<div class=\"row mb-10\">\n\t\t<div class=\"col-md-12 pr-0\">\n\t\t\t<p><label class=\"mw-460\"><span class=\"wpcf7-form-control-wrap\" data-name=\"plzort\"><input size=\"40\" maxlength=\"400\" class=\"wpcf7-form-control wpcf7-text\" aria-invalid=\"false\" placeholder=\"Code postal et ville\" value=\"\" type=\"text\" name=\"plzort\" \/><\/span><\/label>\n\t\t\t<\/p>\n\t\t<\/div>\n\t<\/div>\n\t<div class=\"row mb-10\">\n\t\t<div class=\"col-md-12 pr-0\">\n\t\t\t<p><label class=\"mw-460\"><span class=\"wpcf7-form-control-wrap\" data-name=\"alter\"><input size=\"40\" maxlength=\"400\" class=\"wpcf7-form-control wpcf7-text\" aria-invalid=\"false\" placeholder=\"\u00c2ge et nombre d&#039;\u00e9l\u00e8ves\" value=\"\" type=\"text\" name=\"alter\" \/><\/span><\/label>\n\t\t\t<\/p>\n\t\t<\/div>\n\t<\/div>\n\t<div class=\"row mb-10\">\n\t\t<div class=\"col-md-12 pr-0\">\n\t\t\t<p><label class=\"mw-460\"><span class=\"wpcf7-form-control-wrap\" data-name=\"user-name\"><input size=\"40\" maxlength=\"400\" class=\"wpcf7-form-control wpcf7-text\" aria-invalid=\"false\" placeholder=\"Nom de l&#039;enseignant(e)\" value=\"\" type=\"text\" name=\"user-name\" \/><\/span><\/label>\n\t\t\t<\/p>\n\t\t<\/div>\n\t<\/div>\n\t<div class=\"row mb-10\">\n\t\t<div class=\"col-md-12 pr-0\">\n\t\t\t<p><label class=\"mw-460\"><span class=\"wpcf7-form-control-wrap\" data-name=\"user-telefonnummer\"><input size=\"40\" maxlength=\"400\" class=\"wpcf7-form-control wpcf7-text\" aria-invalid=\"false\" placeholder=\"T\u00e9l\u00e9phone\" value=\"\" type=\"text\" name=\"user-telefonnummer\" \/><\/span><\/label>\n\t\t\t<\/p>\n\t\t<\/div>\n\t<\/div>\n\t<div class=\"row mb-10\">\n\t\t<div class=\"col-md-12 pr-0\">\n\t\t\t<p><label class=\"mw-460\"><span class=\"wpcf7-form-control-wrap\" data-name=\"user-email\"><input size=\"40\" maxlength=\"400\" class=\"wpcf7-form-control wpcf7-email wpcf7-validates-as-required wpcf7-text wpcf7-validates-as-email\" aria-required=\"true\" aria-invalid=\"false\" placeholder=\"E-mail\" value=\"\" type=\"email\" name=\"user-email\" \/><\/span><\/label>\n\t\t\t<\/p>\n\t\t<\/div>\n\t<\/div>\n<\/div>\n<p><input class=\"wpcf7-form-control wpcf7-submit has-spinner btn btn-blue btn-lg\" type=\"submit\" value=\"Envoyer\" \/>\n<\/p><div class=\"wpcf7-response-output\" aria-hidden=\"true\"><\/div>\n<\/form>\n<\/div>\n\n<p style=\"font-size: 18px;\">Si vous avez des questions, nous vous prions de contacter :<br \/>\nUrs Urech, <a href=\"mailto:urs.urech@set.ch\">urs.urech@set.ch<\/a>, 079 374 64 74<\/p>\n<p>&nbsp;<br \/>\n&nbsp;<\/p>\n<div class=\"col-sm-4\">\n<div class=\"partner__title\">En coop\u00e9ration avec la<br \/><strong>Fondation GRA<\/strong><\/div>\n<p><a href=\"https:\/\/www.gra.ch\/\" target=\"_blank\" rel=\"noopener\"><br \/>\n<img decoding=\"async\" src=\"https:\/\/www.set.ch\/wp-content\/uploads\/2024\/05\/gra_logo_CMYK_FR.png\" alt=\"\"><br \/>\n<\/a>\n<\/div>\n<div class=\"col-sm-4\">\n<div class=\"partner__title\">Avec le soutien du <br \/><strong>\u2028SLR<\/strong><\/div>\n<p><a href=\"https:\/\/www.edi.admin.ch\/edi\/fr\/home\/fachstellen\/frb.html\" target=\"_blank\" rel=\"noopener\"><br \/>\n<img decoding=\"async\" src=\"https:\/\/www.set.ch\/wp-content\/uploads\/2024\/05\/Logo_Admin_FRB_franz-01-1-1.jpg\" alt=\"\"><br \/>\n<\/a>\n<\/div>\n<div class=\"col-sm-4\">\n<div class=\"partner__title\">Avec l&#8217;accompagnement professionnel de la<br \/><strong>HEP VAUD<\/strong><\/div>\n<p><a href=\"https:\/\/www.hepl.ch\/accueil.html\" target=\"_blank\" rel=\"noopener\"><br \/>\n<img decoding=\"async\" src=\"https:\/\/www.set.ch\/wp-content\/uploads\/2024\/05\/logo-hep-vaud-1.jpg\" alt=\"\"><br \/>\n<\/a>\n<\/div>\n<p>&nbsp;<br \/>\n&nbsp;<br \/>\n&nbsp;<\/p>\n<style>\ndiv.registration-form-regular-event-wrap {display:none;}\ndiv.partner {display:none;}\n.btn-blue {max-width:250px;}\n<\/style>\n","protected":false},"excerpt":{"rendered":"<p>Nous avons d\u00e9velopp\u00e9 un \u00ab projet d\u2019histoire orale \u00bb avec le concours de descendant-e-s de survivant-e-s de l\u2019Holocauste et d\u2019enseignant-e-s de l\u2019histoire. Pour ce faire, nous cherchons des classes pilotes dans les cantons FR, VD, NE, GE. Les enseignants invitent<span class=\"read-more-cbtn\"> [weiterlesen]<\/span><\/p>\n","protected":false},"author":7,"featured_media":0,"parent":0,"menu_order":25,"comment_status":"closed","ping_status":"closed","template":"page-templates\/page-single-signup.php","meta":{"inline_featured_image":false,"footnotes":""},"class_list":["post-7688","page","type-page","status-publish","hentry"],"aioseo_notices":[],"_links":{"self":[{"href":"https:\/\/www.set.ch\/it\/wp-json\/wp\/v2\/pages\/7688","targetHints":{"allow":["GET"]}}],"collection":[{"href":"https:\/\/www.set.ch\/it\/wp-json\/wp\/v2\/pages"}],"about":[{"href":"https:\/\/www.set.ch\/it\/wp-json\/wp\/v2\/types\/page"}],"author":[{"embeddable":true,"href":"https:\/\/www.set.ch\/it\/wp-json\/wp\/v2\/users\/7"}],"replies":[{"embeddable":true,"href":"https:\/\/www.set.ch\/it\/wp-json\/wp\/v2\/comments?post=7688"}],"version-history":[{"count":8,"href":"https:\/\/www.set.ch\/it\/wp-json\/wp\/v2\/pages\/7688\/revisions"}],"predecessor-version":[{"id":7698,"href":"https:\/\/www.set.ch\/it\/wp-json\/wp\/v2\/pages\/7688\/revisions\/7698"}],"wp:attachment":[{"href":"https:\/\/www.set.ch\/it\/wp-json\/wp\/v2\/media?parent=7688"}],"curies":[{"name":"wp","href":"https:\/\/api.w.org\/{rel}","templated":true}]}}

<p style="font-size: 18px;">Nous avons développé un « projet d’histoire orale » avec le concours de descendant-e-s de survivant-e-s de l’Holocauste et d’enseignant-e-s de l’histoire. Pour ce faire, nous cherchons des classes pilotes dans les cantons FR, VD, NE, GE. Les enseignants invitent les descendant-e-s pour deux leçons et en automne 2025, un séminaire de réflexion sera mis en ligne entre les enseignant-e-s et les descendant-e-s.</p>
<p style="font-size: 18px;">Pendant l’année pilote, le projet bénéficiera du soutien du Service de Lutte contre le Racisme et de l’accompagnement de Nathalie Masungi-Bauer, Professeur de didactique d’histoire à la Haute école pédagogique de Lausanne. Nous avons analysé avec elle la planification, la réalisation, l’impact et le processus d’apprentissage chez les jeunes. Nous relayons le « Plus jamais ça » de la première génération de survivant-e-s de la Shoah. Nous voulons apporter une contribution à un enseignement de l’histoire à la fois vivant et orienté vers les compétences par lequel nous visons à maintenir vivante la mémoire de l’Holocauste pour les générations futures.</p>
<p style="font-size: 18px;">Un dossier pour les enseignant-e-s explique comment les visites dans les classes par les narrateurs et narratrices peuvent être intégrées judicieusement au cours d’histoire. Le dossier pédagogique présente les relations du plan d’études avec les objectifs de compétences possibles, les instructions méthodologiques pour la préparation, la réalisation et l’évaluation ultérieure des visites. L&#8217;enseignement de l&#8217;histoire restant la tâche de l&#8217;enseignant.</p>
<p style="font-size: 18px;">Le but de la narration par voie de témoin est de permettre aux auditeurs/trices de se confronter d’une façon plus impliquée aux injustices commises dans le passé tout en familiarisant les élèves aux droits humains. Cette forme d’enseignement voudrait aussi pouvoir enseigner ce qu’est le courage civil en donnant des exemples d’individus et de groupes engagés à combattre la dictature nationale-socialiste en Allemagne et dans les pays occupés.<br />
Elle a aussi pour but d’analyser la politique suisse concernant les réfugiés pendant cette même période. La rencontre personnelle avec un-e descendant-e offre une proximité émotionnelle et directe avec l’histoire de l’Holocauste, ainsi qu’avec l’histoire familiale de cette personne, ce qui renforce la motivation d’un apprentissage nuancé de l’histoire de cette époque, et par extension de l’histoire contemporaine.</p>
<div class="testimonils-slider-wrap">
<h3 class="testimonils-title">Elie Wiesel</h3>
<ul class="testimonils-slider js-testimonils-slider">
<li> Qui écoute un témoin le devient à son tour.</li>
</ul>
</div>
<p style="font-size: 18px;">En Suisse alémanique, 300 classes ont déjà pris part à ce projet depuis 2020 et les échos des élèves et des enseignants sont très positifs. Le prix de la visite d&#8217;un descendant de témoin coûte 75 CHF, deux leçons sont inclues. Si ce programme vous intéresse, inscrivez-vous ici: https://www.set.ch/fr/shoah-les-descendant-e-s-racontent/</p>
<h2>Formulaire d&#8217;inscription</h2>
<p style="font-size: 18px;">Oui, je souhaite inviter un descendant dans ma classe.</p>

<div class="wpcf7 no-js" id="wpcf7-f7683-o1" lang="en-US" dir="ltr" data-wpcf7-id="7683">
<div class="screen-reader-response"><p role="status" aria-live="polite" aria-atomic="true"></p> <ul></ul></div>
<form action="/it/wp-json/wp/v2/pages/7688#wpcf7-f7683-o1" method="post" class="wpcf7-form init" aria-label="Contact form" novalidate="novalidate" data-status="init">
<fieldset class="hidden-fields-container"><input type="hidden" name="_wpcf7" value="7683" /><input type="hidden" name="_wpcf7_version" value="6.1.4" /><input type="hidden" name="_wpcf7_locale" value="en_US" /><input type="hidden" name="_wpcf7_unit_tag" value="wpcf7-f7683-o1" /><input type="hidden" name="_wpcf7_container_post" value="0" /><input type="hidden" name="_wpcf7_posted_data_hash" value="" /><input type="hidden" name="_wpcf7_recaptcha_response" value="" />
</fieldset>
<div>
	<div class="mb-10">
		<p>Date de la classe
		</p>
	</div>
	<div class="row mb-10">
		<div class="col-md-4 pr-0">
			<p><label class="mw-460"><span class="wpcf7-form-control-wrap" data-name="monat"><input size="40" maxlength="400" class="wpcf7-form-control wpcf7-text" aria-invalid="false" placeholder="Mois" value="" type="text" name="monat" /></span></label>
			</p>
		</div>
		<div class="col-md-4 pr-0">
			<p><label class="mw-460"><span class="wpcf7-form-control-wrap" data-name="wochentag"><input size="40" maxlength="400" class="wpcf7-form-control wpcf7-text" aria-invalid="false" placeholder="Jour" value="" type="text" name="wochentag" /></span></label>
			</p>
		</div>
		<div class="col-md-4 pr-0">
			<p><label class="mw-460"><span class="wpcf7-form-control-wrap" data-name="zeit"><input size="40" maxlength="400" class="wpcf7-form-control wpcf7-text" aria-invalid="false" placeholder="Heure" value="" type="text" name="zeit" /></span></label>
			</p>
		</div>
	</div>
</div>
<div class="mb-10">
	<div class="mb-10">
		<p>J'ai parlé du national-socialisme et de l'Holocauste en cours.
		</p>
	</div>
	<div>
		<p><span class="wpcf7-form-control-wrap radio-868"><span class="wpcf7-form-control wpcf7-radio"><span class="wpcf7-list-item first"><input type="radio" name="radio-868" value="Oui" checked="checked" class="form-control" /><span class="wpcf7-list-item-label">Oui</span></span><span class="wpcf7-list-item last"><input type="radio" name="radio-868" value="Non" class="form-control" /><span class="wpcf7-list-item-label">Non</span></span></span></span>
		</p>
	</div>
</div>
<div>
	<div class="row mb-10">
		<div class="col-md-12 pr-0">
			<p><label class="mw-460"><span class="wpcf7-form-control-wrap" data-name="schule"><input size="40" maxlength="400" class="wpcf7-form-control wpcf7-text" aria-invalid="false" placeholder="École" value="" type="text" name="schule" /></span></label>
			</p>
		</div>
	</div>
	<div class="row mb-10">
		<div class="col-md-12 pr-0">
			<p><label class="mw-460"><span class="wpcf7-form-control-wrap" data-name="schuladresse"><input size="40" maxlength="400" class="wpcf7-form-control wpcf7-text" aria-invalid="false" placeholder="Adresse de l&#039;école" value="" type="text" name="schuladresse" /></span></label>
			</p>
		</div>
	</div>
	<div class="row mb-10">
		<div class="col-md-12 pr-0">
			<p><label class="mw-460"><span class="wpcf7-form-control-wrap" data-name="plzort"><input size="40" maxlength="400" class="wpcf7-form-control wpcf7-text" aria-invalid="false" placeholder="Code postal et ville" value="" type="text" name="plzort" /></span></label>
			</p>
		</div>
	</div>
	<div class="row mb-10">
		<div class="col-md-12 pr-0">
			<p><label class="mw-460"><span class="wpcf7-form-control-wrap" data-name="alter"><input size="40" maxlength="400" class="wpcf7-form-control wpcf7-text" aria-invalid="false" placeholder="Âge et nombre d&#039;élèves" value="" type="text" name="alter" /></span></label>
			</p>
		</div>
	</div>
	<div class="row mb-10">
		<div class="col-md-12 pr-0">
			<p><label class="mw-460"><span class="wpcf7-form-control-wrap" data-name="user-name"><input size="40" maxlength="400" class="wpcf7-form-control wpcf7-text" aria-invalid="false" placeholder="Nom de l&#039;enseignant(e)" value="" type="text" name="user-name" /></span></label>
			</p>
		</div>
	</div>
	<div class="row mb-10">
		<div class="col-md-12 pr-0">
			<p><label class="mw-460"><span class="wpcf7-form-control-wrap" data-name="user-telefonnummer"><input size="40" maxlength="400" class="wpcf7-form-control wpcf7-text" aria-invalid="false" placeholder="Téléphone" value="" type="text" name="user-telefonnummer" /></span></label>
			</p>
		</div>
	</div>
	<div class="row mb-10">
		<div class="col-md-12 pr-0">
			<p><label class="mw-460"><span class="wpcf7-form-control-wrap" data-name="user-email"><input size="40" maxlength="400" class="wpcf7-form-control wpcf7-email wpcf7-validates-as-required wpcf7-text wpcf7-validates-as-email" aria-required="true" aria-invalid="false" placeholder="E-mail" value="" type="email" name="user-email" /></span></label>
			</p>
		</div>
	</div>
</div>
<p><input class="wpcf7-form-control wpcf7-submit has-spinner btn btn-blue btn-lg" type="submit" value="Envoyer" />
</p><div class="wpcf7-response-output" aria-hidden="true"></div>
</form>
</div>

<p style="font-size: 18px;">Si vous avez des questions, nous vous prions de contacter :<br />
Urs Urech, <a href="mailto:urs.urech@set.ch">urs.urech@set.ch</a>, 079 374 64 74</p>
<p>&nbsp;<br />
&nbsp;</p>
<div class="col-sm-4">
<div class="partner__title">En coopération avec la<br /><strong>Fondation GRA</strong></div>
<p><a href="https://www.gra.ch/" target="_blank" rel="noopener"><br />
<img decoding="async" src="https://www.set.ch/wp-content/uploads/2024/05/gra_logo_CMYK_FR.png" alt=""><br />
</a>
</div>
<div class="col-sm-4">
<div class="partner__title">Avec le soutien du <br /><strong> SLR</strong></div>
<p><a href="https://www.edi.admin.ch/edi/fr/home/fachstellen/frb.html" target="_blank" rel="noopener"><br />
<img decoding="async" src="https://www.set.ch/wp-content/uploads/2024/05/Logo_Admin_FRB_franz-01-1-1.jpg" alt=""><br />
</a>
</div>
<div class="col-sm-4">
<div class="partner__title">Avec l&#8217;accompagnement professionnel de la<br /><strong>HEP VAUD</strong></div>
<p><a href="https://www.hepl.ch/accueil.html" target="_blank" rel="noopener"><br />
<img decoding="async" src="https://www.set.ch/wp-content/uploads/2024/05/logo-hep-vaud-1.jpg" alt=""><br />
</a>
</div>
<p>&nbsp;<br />
&nbsp;<br />
&nbsp;</p>
<style>
div.registration-form-regular-event-wrap {display:none;}
div.partner {display:none;}
.btn-blue {max-width:250px;}
</style>

<p>Nous avons développé un « projet d’histoire orale » avec le concours de descendant-e-s de survivant-e-s de l’Holocauste et d’enseignant-e-s de l’histoire. Pour ce faire, nous cherchons des classes pilotes dans les cantons FR, VD, NE, GE. Les enseignants invitent<span class="read-more-cbtn"> [weiterlesen]</span></p>
