{"id":7272,"date":"2023-11-06T16:08:29","date_gmt":"2023-11-06T15:08:29","guid":{"rendered":"https:\/\/www.set.ch\/?page_id=7272"},"modified":"2023-11-06T16:08:29","modified_gmt":"2023-11-06T15:08:29","slug":"links","status":"publish","type":"page","link":"https:\/\/www.set.ch\/it\/links\/","title":{"rendered":"Links"},"content":{"rendered":"<ul>\n<li><a href=\"http:\/\/www.farenet.ch\" target=\"_blank\" rel=\"noopener\">FARE Netzwerk Schweiz<\/a><\/li>\n<\/ul>\n<ul>\n<li><a href=\"http:\/\/www.education21.ch\" target=\"_blank\" rel=\"noopener\">Stiftung f\u00fcr nachhaltige Entwicklung<\/a><\/li>\n<\/ul>\n<ul>\n<li><a href=\"http:\/\/www.mmi.ch\" target=\"_blank\" rel=\"noopener\">Marie Meierhofer Institut f\u00fcr das Kind<\/a><\/li>\n<\/ul>\n<ul>\n<li><a href=\"http:\/\/www.ncbi.ch\" target=\"_blank\" rel=\"noopener\">National Coalition Building Institute NCBI<\/a><\/li>\n<\/ul>\n<ul>\n<li><a href=\"http:\/\/www.gra.ch\" target=\"_blank\" rel=\"noopener\">Stiftung gegen Rassismus und Antisemitismus<\/a><\/li>\n<\/ul>\n<p>&nbsp;<\/p>\n<p><a href=\"http:\/\/new.set-toleranz.ch\/bildung\/fruehkindliche-bildung\/\">zur\u00fcck<\/a><\/p>\n","protected":false},"excerpt":{"rendered":"<p>FARE Netzwerk Schweiz Stiftung f\u00fcr nachhaltige Entwicklung Marie Meierhofer Institut f\u00fcr das Kind National Coalition Building Institute NCBI Stiftung gegen Rassismus und Antisemitismus &nbsp; zur\u00fcck<\/p>\n","protected":false},"author":7,"featured_media":7274,"parent":0,"menu_order":67,"comment_status":"closed","ping_status":"closed","template":"page-templates\/full-width.php","meta":{"inline_featured_image":false,"footnotes":""},"class_list":["post-7272","page","type-page","status-publish","has-post-thumbnail","hentry"],"aioseo_notices":[],"_links":{"self":[{"href":"https:\/\/www.set.ch\/it\/wp-json\/wp\/v2\/pages\/7272","targetHints":{"allow":["GET"]}}],"collection":[{"href":"https:\/\/www.set.ch\/it\/wp-json\/wp\/v2\/pages"}],"about":[{"href":"https:\/\/www.set.ch\/it\/wp-json\/wp\/v2\/types\/page"}],"author":[{"embeddable":true,"href":"https:\/\/www.set.ch\/it\/wp-json\/wp\/v2\/users\/7"}],"replies":[{"embeddable":true,"href":"https:\/\/www.set.ch\/it\/wp-json\/wp\/v2\/comments?post=7272"}],"version-history":[{"count":1,"href":"https:\/\/www.set.ch\/it\/wp-json\/wp\/v2\/pages\/7272\/revisions"}],"predecessor-version":[{"id":7277,"href":"https:\/\/www.set.ch\/it\/wp-json\/wp\/v2\/pages\/7272\/revisions\/7277"}],"wp:featuredmedia":[{"embeddable":true,"href":"https:\/\/www.set.ch\/it\/wp-json\/wp\/v2\/media\/7274"}],"wp:attachment":[{"href":"https:\/\/www.set.ch\/it\/wp-json\/wp\/v2\/media?parent=7272"}],"curies":[{"name":"wp","href":"https:\/\/api.w.org\/{rel}","templated":true}]}}

<ul>
<li><a href="http://www.farenet.ch" target="_blank" rel="noopener">FARE Netzwerk Schweiz</a></li>
</ul>
<ul>
<li><a href="http://www.education21.ch" target="_blank" rel="noopener">Stiftung für nachhaltige Entwicklung</a></li>
</ul>
<ul>
<li><a href="http://www.mmi.ch" target="_blank" rel="noopener">Marie Meierhofer Institut für das Kind</a></li>
</ul>
<ul>
<li><a href="http://www.ncbi.ch" target="_blank" rel="noopener">National Coalition Building Institute NCBI</a></li>
</ul>
<ul>
<li><a href="http://www.gra.ch" target="_blank" rel="noopener">Stiftung gegen Rassismus und Antisemitismus</a></li>
</ul>
<p>&nbsp;</p>
<p><a href="http://new.set-toleranz.ch/bildung/fruehkindliche-bildung/">zurück</a></p>

<p>FARE Netzwerk Schweiz Stiftung für nachhaltige Entwicklung Marie Meierhofer Institut für das Kind National Coalition Building Institute NCBI Stiftung gegen Rassismus und Antisemitismus &nbsp; zurück</p>
