{"id":7270,"date":"2023-11-06T16:07:41","date_gmt":"2023-11-06T15:07:41","guid":{"rendered":"https:\/\/www.set.ch\/?page_id=7270"},"modified":"2023-11-06T16:07:41","modified_gmt":"2023-11-06T15:07:41","slug":"polenreisen","status":"publish","type":"page","link":"https:\/\/www.set.ch\/it\/polenreisen\/","title":{"rendered":"Polenreisen"},"content":{"rendered":"<p>Die GRA unterst\u00fctzt zusammen mit der Augustin Keller Loge (AKL) und der Gamaraal Foundation Studien-Reisen nach Auschwitz.<\/p>\n<h3>Unterst\u00fctzungskriterien<\/h3>\n<ul>\n<li>Die Reise f\u00fchrt nach Auschwitz.<\/li>\n<li>Die Reise muss geschichtsdidaktisch und p\u00e4dagogisch sorgf\u00e4ltig vorbereitet werden (&#8220;Peacemaking-Kontext\u201c).<\/li>\n<li>Mechanismen der Ausgrenzung m\u00fcssen thematisiert werden.<\/li>\n<li>Vorg\u00e4ngig m\u00fcssen ein genauer Reiseplan und ein Budget sowie nach der Reise eine detaillierte Abrechung eingereicht werden.<\/li>\n<li>Die Klasse muss einen schriftlichen Reisebericht schreiben. Die Sch\u00fcler\/Innen k\u00f6nnen dabei aufzeigen, was sie durch die Auseinandersetzung mit dem Thema Holocaust f\u00fcr die Zukunft \u201cmitnehmen\u201c.<\/li>\n<li>Eine erweiterte Form der Information innerhalb der Schule kann die Reise p\u00e4dagogisch abrunden z.B. in Form von Panelgespr\u00e4chen, Diskussionsrunden oder Fotogalerie.<\/li>\n<li>Lehrer und Sch\u00fcler stehen nach M\u00f6glichkeit als \u201eAmbassadoren\u201c f\u00fcr die Polenreisen in weiteren Gremien zur Verf\u00fcgung.<\/li>\n<\/ul>\n<p>Senden Sie Ihre Bewerbung an <a href=\"mailto:infogra@gra.ch\">infogra@gra.ch<\/a>. Alle Bewerbungen werden der Reihe nach sorgf\u00e4ltig gepr\u00fcft. Es besteht kein Anspruch auf Unterst\u00fctzung. Die GRA bietet auch Hilfe bei der Vorbereitung der Reise an und vermittelt Lehrpersonen, die bereits eine Reise durchgef\u00fchrt haben.<\/p>\n<p>Weitere Informationen erhalten Sie jederzeit bei: Stiftung gegen Rassismus und Antisemitismus<br \/>\n+41 (0)58 666 89 66<br \/>\n<strong><a href=\"mailto:infogra@gra.ch\">infogra@gra.ch<\/a><\/strong><\/p>\n<ul>\n<li><strong><a href=\"http:\/\/new.set-toleranz.ch\/wp-content\/uploads\/2015\/09\/GRA_Flyer_Polenreisen.pdf\" target=\"_blank\" rel=\"noopener\">Flyer Polenreisen<\/a><\/strong><\/li>\n<li><strong><a href=\"http:\/\/new.set-toleranz.ch\/wp-content\/uploads\/2015\/09\/20151217_Bericht-Bildungsreise-Auschwitz-2015.pdf\" target=\"_blank\" rel=\"noopener\">Bericht der UNESCO-Kommission des Gymnasiums Liestal \u00fcber ihre Polenreise im September 2015<\/a><\/strong><\/li>\n<li><strong><a href=\"https:\/\/new.set-toleranz.ch\/bildung\/interview-mit-stefan-dietrich\/\"><span lang=\"DE-CH\">Interview mit Stefan Dietrich\u00a0<\/span><em>\u00abEs geht um die Verteidigung unserer Demokratien und Menschenrechte, die Verteidigung unserer Zukunft\u00bb<\/em><\/a><\/strong><\/li>\n<\/ul>\n<hr \/>\n<p><strong><a href=\"http:\/\/www.gamaraal.org\" target=\"_blank\" rel=\"noopener\">gamaraal.org<\/a><\/strong><\/p>\n<p>&nbsp;<\/p>\n<p>&nbsp;<\/p>\n<p><a href=\"http:\/\/new.set-toleranz.ch\/bildung\/bildung-und-erziehung\">zur\u00fcck<\/a><\/p>\n","protected":false},"excerpt":{"rendered":"<p>Die GRA unterst\u00fctzt zusammen mit der Augustin Keller Loge (AKL) und der Gamaraal Foundation Studien-Reisen nach Auschwitz. Unterst\u00fctzungskriterien Die Reise f\u00fchrt nach Auschwitz. Die Reise muss geschichtsdidaktisch und p\u00e4dagogisch sorgf\u00e4ltig vorbereitet werden (&#8220;Peacemaking-Kontext\u201c). Mechanismen der Ausgrenzung m\u00fcssen thematisiert werden. Vorg\u00e4ngig<span class=\"read-more-cbtn\"> [weiterlesen]<\/span><\/p>\n","protected":false},"author":7,"featured_media":6600,"parent":0,"menu_order":60,"comment_status":"closed","ping_status":"closed","template":"page-templates\/full-width.php","meta":{"inline_featured_image":false,"footnotes":""},"class_list":["post-7270","page","type-page","status-publish","has-post-thumbnail","hentry"],"aioseo_notices":[],"_links":{"self":[{"href":"https:\/\/www.set.ch\/it\/wp-json\/wp\/v2\/pages\/7270","targetHints":{"allow":["GET"]}}],"collection":[{"href":"https:\/\/www.set.ch\/it\/wp-json\/wp\/v2\/pages"}],"about":[{"href":"https:\/\/www.set.ch\/it\/wp-json\/wp\/v2\/types\/page"}],"author":[{"embeddable":true,"href":"https:\/\/www.set.ch\/it\/wp-json\/wp\/v2\/users\/7"}],"replies":[{"embeddable":true,"href":"https:\/\/www.set.ch\/it\/wp-json\/wp\/v2\/comments?post=7270"}],"version-history":[{"count":1,"href":"https:\/\/www.set.ch\/it\/wp-json\/wp\/v2\/pages\/7270\/revisions"}],"predecessor-version":[{"id":7271,"href":"https:\/\/www.set.ch\/it\/wp-json\/wp\/v2\/pages\/7270\/revisions\/7271"}],"wp:featuredmedia":[{"embeddable":true,"href":"https:\/\/www.set.ch\/it\/wp-json\/wp\/v2\/media\/6600"}],"wp:attachment":[{"href":"https:\/\/www.set.ch\/it\/wp-json\/wp\/v2\/media?parent=7270"}],"curies":[{"name":"wp","href":"https:\/\/api.w.org\/{rel}","templated":true}]}}

<p>Die GRA unterstützt zusammen mit der Augustin Keller Loge (AKL) und der Gamaraal Foundation Studien-Reisen nach Auschwitz.</p>
<h3>Unterstützungskriterien</h3>
<ul>
<li>Die Reise führt nach Auschwitz.</li>
<li>Die Reise muss geschichtsdidaktisch und pädagogisch sorgfältig vorbereitet werden (&#8220;Peacemaking-Kontext“).</li>
<li>Mechanismen der Ausgrenzung müssen thematisiert werden.</li>
<li>Vorgängig müssen ein genauer Reiseplan und ein Budget sowie nach der Reise eine detaillierte Abrechung eingereicht werden.</li>
<li>Die Klasse muss einen schriftlichen Reisebericht schreiben. Die Schüler/Innen können dabei aufzeigen, was sie durch die Auseinandersetzung mit dem Thema Holocaust für die Zukunft “mitnehmen“.</li>
<li>Eine erweiterte Form der Information innerhalb der Schule kann die Reise pädagogisch abrunden z.B. in Form von Panelgesprächen, Diskussionsrunden oder Fotogalerie.</li>
<li>Lehrer und Schüler stehen nach Möglichkeit als „Ambassadoren“ für die Polenreisen in weiteren Gremien zur Verfügung.</li>
</ul>
<p>Senden Sie Ihre Bewerbung an <a href="mailto:infogra@gra.ch">infogra@gra.ch</a>. Alle Bewerbungen werden der Reihe nach sorgfältig geprüft. Es besteht kein Anspruch auf Unterstützung. Die GRA bietet auch Hilfe bei der Vorbereitung der Reise an und vermittelt Lehrpersonen, die bereits eine Reise durchgeführt haben.</p>
<p>Weitere Informationen erhalten Sie jederzeit bei: Stiftung gegen Rassismus und Antisemitismus<br />
+41 (0)58 666 89 66<br />
<strong><a href="mailto:infogra@gra.ch">infogra@gra.ch</a></strong></p>
<ul>
<li><strong><a href="http://new.set-toleranz.ch/wp-content/uploads/2015/09/GRA_Flyer_Polenreisen.pdf" target="_blank" rel="noopener">Flyer Polenreisen</a></strong></li>
<li><strong><a href="http://new.set-toleranz.ch/wp-content/uploads/2015/09/20151217_Bericht-Bildungsreise-Auschwitz-2015.pdf" target="_blank" rel="noopener">Bericht der UNESCO-Kommission des Gymnasiums Liestal über ihre Polenreise im September 2015</a></strong></li>
<li><strong><a href="https://new.set-toleranz.ch/bildung/interview-mit-stefan-dietrich/"><span lang="DE-CH">Interview mit Stefan Dietrich </span><em>«Es geht um die Verteidigung unserer Demokratien und Menschenrechte, die Verteidigung unserer Zukunft»</em></a></strong></li>
</ul>
<hr />
<p><strong><a href="http://www.gamaraal.org" target="_blank" rel="noopener">gamaraal.org</a></strong></p>
<p>&nbsp;</p>
<p>&nbsp;</p>
<p><a href="http://new.set-toleranz.ch/bildung/bildung-und-erziehung">zurück</a></p>

<p>Die GRA unterstützt zusammen mit der Augustin Keller Loge (AKL) und der Gamaraal Foundation Studien-Reisen nach Auschwitz. Unterstützungskriterien Die Reise führt nach Auschwitz. Die Reise muss geschichtsdidaktisch und pädagogisch sorgfältig vorbereitet werden (&#8220;Peacemaking-Kontext“). Mechanismen der Ausgrenzung müssen thematisiert werden. Vorgängig<span class="read-more-cbtn"> [weiterlesen]</span></p>
