{"id":43,"date":"2015-09-02T19:33:31","date_gmt":"2015-09-02T17:33:31","guid":{"rendered":"http:\/\/new.set-toleranz.ch\/?page_id=43"},"modified":"2020-12-19T10:36:25","modified_gmt":"2020-12-19T09:36:25","slug":"vorfall-melden","status":"publish","type":"page","link":"https:\/\/www.set.ch\/fr\/vorfall-melden\/","title":{"rendered":"Vorfall melden"},"content":{"rendered":"<h4>Rassismus im Internet schnell und effizient melden!<\/h4>\n<p>Internet-User kennen das Problem: Beim Surfen im Netz st\u00f6sst man auf rassistische Aussagen von anderen Usern, auf diffamierende \u00c4usserungen und Hasspredigten. Eigentlich w\u00fcrde man dies gerne so schnell wie m\u00f6glich dem betroffenen Betreiber melden, aber man findet das Meldeformular nicht gleich.<\/p>\n<p>Dank des GRA-Tools f\u00e4llt diese m\u00fchsame Suche k\u00fcnftig weg: Das Meldetool bietet direkte Links zu den Meldestellen der betroffenen Firmen, Social-Media-Plattformen und Medien an. Zudem gelangt man mit einem einfachen Klick an die Richtlinien in Sachen politische Korrektheit und Hate Speech der jeweiligen Unternehmen.<br \/>\nWer also im Internet auf rassistische Kommentare st\u00f6sst, der kann dies hier\u00a0direkt der betroffenen Website melden:<\/p>\n<h3>LINKS<\/h3>\n<ul>\n<li><a href=\"https:\/\/www.facebook.com\/help\/181495968648557\/\" target=\"_blank\" rel=\"noopener\">Facebook<\/a><\/li>\n<li><a href=\"mailto:abuse@tumblr.com\" target=\"_blank\" rel=\"noopener\">Tumblr<\/a><\/li>\n<li><a href=\"https:\/\/support.twitter.com\/forms\/abusiveuser\" target=\"_blank\" rel=\"noopener\">Twitter<\/a><\/li>\n<li><a href=\"https:\/\/help.instagram.com\/165828726894770\/\" target=\"_blank\" rel=\"noopener\">Instagram<\/a><\/li>\n<li><a href=\"https:\/\/help.pinterest.com\/de\/articles\/report-something-pinterest#Web\" target=\"_blank\" rel=\"noopener\">Pinterest<\/a><\/li>\n<li><a href=\"https:\/\/support.google.com\/plus\/answer\/1253377?hl=en\" target=\"_blank\" rel=\"noopener\">Youtube<\/a><\/li>\n<li><a href=\"https:\/\/support.google.com\/plus\/answer\/1253377?hl=en\" target=\"_blank\" rel=\"noopener\">Google+<\/a><\/li>\n<li><a href=\"https:\/\/help.yahoo.com\/kb\/report-abusive-article-comments-sln6657.html\" target=\"_blank\" rel=\"noopener\">Yahoo<\/a><\/li>\n<li><a href=\"https:\/\/vimeo.com\/help\/faq\/watching-videos\/reporting-abuse-and-violations#how-do-i-report-abuse\" target=\"_blank\" rel=\"noopener\">Vimeo<\/a><\/li>\n<li><a href=\"mailto:abuse@amazonaws.com\" target=\"_blank\" rel=\"noopener\">Amazon<\/a><\/li>\n<\/ul>\n<p>Bei den meisten Schweizer Zeitungen k\u00f6nnen Beitr\u00e4ge oder Kommentare direkt gemeldet werden, indem man bei dem betroffenen Kommentar auf \u00ab\u00a0melden\u00a0\u00bb klickt.<\/p>\n<h3>Kobik<\/h3>\n<p>Auch die Koordinationsstelle zur Bek\u00e4mpfung der Internetkriminalit\u00e4t (Kobik) des Bundesamtes f\u00fcr Polizei nimmt Hinweise auf Verst\u00f6sse gegen die Rassismusstrafnorm im Internet entgegen: <a href=\"https:\/\/www.fedpol.admin.ch\/fedpol\/de\/home\/aktuell\/news\/2000\/2000-05-150.html\">Kontaktseite<\/a>.<\/p>\n<h4 style=\"text-align: left;\"><\/h4>\n<p>&nbsp;<\/p>\n<h4 style=\"text-align: left;\"><a href=\"https:\/\/www.gra.ch\/vorfall-melden\/antisemitischer-vorfall-melden\/\">Antisemitischer Vorfall melden<\/a><\/h4>\n<h4 style=\"text-align: left;\"><a href=\"https:\/\/www.gra.ch\/vorfall-melden\/rassistischer-vorfall-melden\/\">Rassistischer Vorfall melden<\/a><\/h4>\n<hr \/>\n<p style=\"text-align: left;\"><a href=\"http:\/\/new.set-toleranz.ch\/\">Home<\/a><\/p>\n","protected":false},"excerpt":{"rendered":"<p>Rassismus im Internet schnell und effizient melden! Internet-User kennen das Problem: Beim Surfen im Netz st\u00f6sst man auf rassistische Aussagen von anderen Usern, auf diffamierende \u00c4usserungen und Hasspredigten. Eigentlich w\u00fcrde man dies gerne so schnell wie m\u00f6glich dem betroffenen Betreiber<span class=\"read-more-cbtn\"> [weiterlesen]<\/span><\/p>\n","protected":false},"author":5,"featured_media":0,"parent":0,"menu_order":84,"comment_status":"closed","ping_status":"closed","template":"page-templates\/full-width.php","meta":{"inline_featured_image":false,"footnotes":""},"class_list":["post-43","page","type-page","status-publish","hentry"],"aioseo_notices":[],"_links":{"self":[{"href":"https:\/\/www.set.ch\/fr\/wp-json\/wp\/v2\/pages\/43","targetHints":{"allow":["GET"]}}],"collection":[{"href":"https:\/\/www.set.ch\/fr\/wp-json\/wp\/v2\/pages"}],"about":[{"href":"https:\/\/www.set.ch\/fr\/wp-json\/wp\/v2\/types\/page"}],"author":[{"embeddable":true,"href":"https:\/\/www.set.ch\/fr\/wp-json\/wp\/v2\/users\/5"}],"replies":[{"embeddable":true,"href":"https:\/\/www.set.ch\/fr\/wp-json\/wp\/v2\/comments?post=43"}],"version-history":[{"count":31,"href":"https:\/\/www.set.ch\/fr\/wp-json\/wp\/v2\/pages\/43\/revisions"}],"predecessor-version":[{"id":5229,"href":"https:\/\/www.set.ch\/fr\/wp-json\/wp\/v2\/pages\/43\/revisions\/5229"}],"wp:attachment":[{"href":"https:\/\/www.set.ch\/fr\/wp-json\/wp\/v2\/media?parent=43"}],"curies":[{"name":"wp","href":"https:\/\/api.w.org\/{rel}","templated":true}]}}

<h4>Rassismus im Internet schnell und effizient melden!</h4>
<p>Internet-User kennen das Problem: Beim Surfen im Netz stösst man auf rassistische Aussagen von anderen Usern, auf diffamierende Äusserungen und Hasspredigten. Eigentlich würde man dies gerne so schnell wie möglich dem betroffenen Betreiber melden, aber man findet das Meldeformular nicht gleich.</p>
<p>Dank des GRA-Tools fällt diese mühsame Suche künftig weg: Das Meldetool bietet direkte Links zu den Meldestellen der betroffenen Firmen, Social-Media-Plattformen und Medien an. Zudem gelangt man mit einem einfachen Klick an die Richtlinien in Sachen politische Korrektheit und Hate Speech der jeweiligen Unternehmen.<br />
Wer also im Internet auf rassistische Kommentare stösst, der kann dies hier direkt der betroffenen Website melden:</p>
<h3>LINKS</h3>
<ul>
<li><a href="https://www.facebook.com/help/181495968648557/" target="_blank" rel="noopener">Facebook</a></li>
<li><a href="mailto:abuse@tumblr.com" target="_blank" rel="noopener">Tumblr</a></li>
<li><a href="https://support.twitter.com/forms/abusiveuser" target="_blank" rel="noopener">Twitter</a></li>
<li><a href="https://help.instagram.com/165828726894770/" target="_blank" rel="noopener">Instagram</a></li>
<li><a href="https://help.pinterest.com/de/articles/report-something-pinterest#Web" target="_blank" rel="noopener">Pinterest</a></li>
<li><a href="https://support.google.com/plus/answer/1253377?hl=en" target="_blank" rel="noopener">Youtube</a></li>
<li><a href="https://support.google.com/plus/answer/1253377?hl=en" target="_blank" rel="noopener">Google+</a></li>
<li><a href="https://help.yahoo.com/kb/report-abusive-article-comments-sln6657.html" target="_blank" rel="noopener">Yahoo</a></li>
<li><a href="https://vimeo.com/help/faq/watching-videos/reporting-abuse-and-violations#how-do-i-report-abuse" target="_blank" rel="noopener">Vimeo</a></li>
<li><a href="mailto:abuse@amazonaws.com" target="_blank" rel="noopener">Amazon</a></li>
</ul>
<p>Bei den meisten Schweizer Zeitungen können Beiträge oder Kommentare direkt gemeldet werden, indem man bei dem betroffenen Kommentar auf « melden » klickt.</p>
<h3>Kobik</h3>
<p>Auch die Koordinationsstelle zur Bekämpfung der Internetkriminalität (Kobik) des Bundesamtes für Polizei nimmt Hinweise auf Verstösse gegen die Rassismusstrafnorm im Internet entgegen: <a href="https://www.fedpol.admin.ch/fedpol/de/home/aktuell/news/2000/2000-05-150.html">Kontaktseite</a>.</p>
<h4 style="text-align: left;"></h4>
<p>&nbsp;</p>
<h4 style="text-align: left;"><a href="https://www.gra.ch/vorfall-melden/antisemitischer-vorfall-melden/">Antisemitischer Vorfall melden</a></h4>
<h4 style="text-align: left;"><a href="https://www.gra.ch/vorfall-melden/rassistischer-vorfall-melden/">Rassistischer Vorfall melden</a></h4>
<hr />
<p style="text-align: left;"><a href="http://new.set-toleranz.ch/">Home</a></p>

<p>Rassismus im Internet schnell und effizient melden! Internet-User kennen das Problem: Beim Surfen im Netz stösst man auf rassistische Aussagen von anderen Usern, auf diffamierende Äusserungen und Hasspredigten. Eigentlich würde man dies gerne so schnell wie möglich dem betroffenen Betreiber<span class="read-more-cbtn"> [weiterlesen]</span></p>
