{"id":106,"date":"2015-09-03T14:50:13","date_gmt":"2015-09-03T12:50:13","guid":{"rendered":"http:\/\/new.set-toleranz.ch\/bildung\/links\/"},"modified":"2019-02-21T10:52:22","modified_gmt":"2019-02-21T09:52:22","slug":"links","status":"publish","type":"page","link":"https:\/\/www.set.ch\/fr\/bildung\/links\/","title":{"rendered":"Links"},"content":{"rendered":"<ul>\n<li><a href=\"http:\/\/www.farenet.ch\" target=\"_blank\" rel=\"noopener\">FARE Netzwerk Schweiz<\/a><\/li>\n<\/ul>\n<ul>\n<li><a href=\"http:\/\/www.education21.ch\" target=\"_blank\" rel=\"noopener\">Stiftung f\u00fcr nachhaltige Entwicklung<\/a><\/li>\n<\/ul>\n<ul>\n<li><a href=\"http:\/\/www.mmi.ch\" target=\"_blank\" rel=\"noopener\">Marie Meierhofer Institut f\u00fcr das Kind<\/a><\/li>\n<\/ul>\n<ul>\n<li><a href=\"http:\/\/www.ncbi.ch\" target=\"_blank\" rel=\"noopener\">National Coalition Building Institute NCBI<\/a><\/li>\n<\/ul>\n<ul>\n<li><a href=\"http:\/\/www.gra.ch\" target=\"_blank\" rel=\"noopener\">Stiftung gegen Rassismus und Antisemitismus<\/a><\/li>\n<\/ul>\n<p>&nbsp;<\/p>\n<p><a href=\"http:\/\/new.set-toleranz.ch\/bildung\/fruehkindliche-bildung\/\">zur\u00fcck<\/a><\/p>\n","protected":false},"excerpt":{"rendered":"<p>FARE Netzwerk Schweiz Stiftung f\u00fcr nachhaltige Entwicklung Marie Meierhofer Institut f\u00fcr das Kind National Coalition Building Institute NCBI Stiftung gegen Rassismus und Antisemitismus &nbsp; zur\u00fcck<\/p>\n","protected":false},"author":5,"featured_media":1450,"parent":35,"menu_order":68,"comment_status":"closed","ping_status":"closed","template":"page-templates\/full-width.php","meta":{"inline_featured_image":false,"footnotes":""},"class_list":["post-106","page","type-page","status-publish","has-post-thumbnail","hentry"],"aioseo_notices":[],"_links":{"self":[{"href":"https:\/\/www.set.ch\/fr\/wp-json\/wp\/v2\/pages\/106","targetHints":{"allow":["GET"]}}],"collection":[{"href":"https:\/\/www.set.ch\/fr\/wp-json\/wp\/v2\/pages"}],"about":[{"href":"https:\/\/www.set.ch\/fr\/wp-json\/wp\/v2\/types\/page"}],"author":[{"embeddable":true,"href":"https:\/\/www.set.ch\/fr\/wp-json\/wp\/v2\/users\/5"}],"replies":[{"embeddable":true,"href":"https:\/\/www.set.ch\/fr\/wp-json\/wp\/v2\/comments?post=106"}],"version-history":[{"count":8,"href":"https:\/\/www.set.ch\/fr\/wp-json\/wp\/v2\/pages\/106\/revisions"}],"predecessor-version":[{"id":7273,"href":"https:\/\/www.set.ch\/fr\/wp-json\/wp\/v2\/pages\/106\/revisions\/7273"}],"up":[{"embeddable":true,"href":"https:\/\/www.set.ch\/fr\/wp-json\/wp\/v2\/pages\/35"}],"wp:featuredmedia":[{"embeddable":true,"href":"https:\/\/www.set.ch\/fr\/wp-json\/wp\/v2\/media\/1450"}],"wp:attachment":[{"href":"https:\/\/www.set.ch\/fr\/wp-json\/wp\/v2\/media?parent=106"}],"curies":[{"name":"wp","href":"https:\/\/api.w.org\/{rel}","templated":true}]}}

<ul>
<li><a href="http://www.farenet.ch" target="_blank" rel="noopener">FARE Netzwerk Schweiz</a></li>
</ul>
<ul>
<li><a href="http://www.education21.ch" target="_blank" rel="noopener">Stiftung für nachhaltige Entwicklung</a></li>
</ul>
<ul>
<li><a href="http://www.mmi.ch" target="_blank" rel="noopener">Marie Meierhofer Institut für das Kind</a></li>
</ul>
<ul>
<li><a href="http://www.ncbi.ch" target="_blank" rel="noopener">National Coalition Building Institute NCBI</a></li>
</ul>
<ul>
<li><a href="http://www.gra.ch" target="_blank" rel="noopener">Stiftung gegen Rassismus und Antisemitismus</a></li>
</ul>
<p>&nbsp;</p>
<p><a href="http://new.set-toleranz.ch/bildung/fruehkindliche-bildung/">zurück</a></p>

<p>FARE Netzwerk Schweiz Stiftung für nachhaltige Entwicklung Marie Meierhofer Institut für das Kind National Coalition Building Institute NCBI Stiftung gegen Rassismus und Antisemitismus &nbsp; zurück</p>
